+ 68. Is q a composite number?
False
Is 2/8 + 6808/32 composite?
True
Suppose -2*o + 3 = -o. Suppose 5 - 8 = -n + o*z, 5*n + 4*z = 15. Suppose 4*h - 49 = n*h. Is h a composite number?
True
Let p = -2 - -4. Suppose p*n + 16 = 90. Is n composite?
False
Suppose 14*n + 4701 = 17*n. Is n a prime number?
True
Let c(l) = 5*l**3 + 7*l**2 - 6*l - 29. Let r(m) = -m**3 - m**2 + m - 1. Let j be (-3 - (-2 + -1)) + -1. Let p(f) = j*c(f) - 6*r(f). Is p(0) a composite number?
True
Let p(c) = 13*c - 4. Is p(3) composite?
True
Let f be (-4)/(-1) + 560 + 12. Suppose -2*q + 2*p + f = -3*p, 0 = q + 3*p - 310. Is q composite?
True
Let c = -3 + 6. Suppose 2*w + 32 = c*w. Let y = -1 + w. Is y a composite number?
False
Let q(f) = -4*f + 1. Let k = 0 - 1. Let w be q(k). Suppose j = -3*c + c + 83, w*c - j - 190 = 0. Is c a prime number?
False
Suppose 0 = 5*l - 11*n + 8*n - 2680, 1594 = 3*l + n. Is l composite?
True
Let x = 0 + -4. Let m(n) = -10*n - 6. Is m(x) a composite number?
True
Let o(g) = g**3 - g**2 + g - 2. Let j be o(2). Suppose 3*x - w - 19 = w, 17 = 3*x - j*w. Suppose -3*v = -2*i + 76, x*v - 132 = -4*i + 3*v. Is i prime?
False
Let f(c) be the second derivative of 5*c**4/12 - 11*c**3/6 + 3*c**2 + 3*c. Let l be f(8). Suppose -4*s = -2*s - l. Is s prime?
False
Let t be 12/10*(-360)/(-16). Is 21140/36 - 6/t composite?
False
Let j(r) = -r**3 - 5*r**2 + 2. Let p be j(-5). Is 41/2*p*2 a prime number?
False
Let g(q) = -6*q + 3*q - 2*q + q**2 + 5 + 0*q. Is g(-5) composite?
True
Let h(s) = -47*s - 7. Is h(-12) a prime number?
True
Suppose -2*t + 0 + 1 = b, -3 = -b - 3*t. Let d be 2/(-3) - (-16)/b. Is (-103)/(-3) - 4/d a prime number?
False
Let i(a) = -7*a**3 + 94*a**3 - 1 - 3*a**2 + 4*a**2 + 254*a**3. Is i(1) composite?
True
Let d(t) = -5*t - 8. Let l(m) = -6*m - 7. Let f(n) = -3*d(n) + 4*l(n). Let h be f(-6). Let o = -17 + h. Is o prime?
False
Suppose 0 = 2*i + 3*o - 181, 0 = -3*i + 3*o - o + 252. Let s = i + 29. Is s a prime number?
False
Suppose -c + 18438 = 5*c. Is c a prime number?
False
Suppose -4*n - 528 + 1804 = 0. Is n composite?
True
Let p be (-1 - 0) + -3 + 39. Suppose 3*a - p = 2*a. Is a prime?
False
Let n(w) = -73*w**3 + w - 1. Is n(-2) a composite number?
True
Let i = 1045 + -690. Is i a composite number?
True
Let b = 644 - -63. Is b prime?
False
Suppose -2*d - 1082 + 3032 = -5*c, -3*d + 2951 = -c. Is d prime?
False
Let y(c) = c**3 - 4*c**2 + 4*c - 6. Let o be y(4). Suppose 5*i = -4*k - 352, 4*i + 257 = -3*k + 2*i. Let u = o - k. Is u a prime number?
False
Let g(m) = -m - 2. Let p be g(-7). Suppose 0 = -2*x + d + 94, p*d = x + x - 102. Is x a prime number?
False
Suppose -3*k - 109 = -4*b + 74, k + 45 = b. Let c(q) = -q**3 + 7*q**2 - 4*q - 4. Let m be c(5). Suppose 0 = -y + b + m. Is y prime?
False
Suppose -10*g + 308 = -6*g. Is g composite?
True
Let b = -19 - -32. Suppose -b = x - 82. Is x composite?
True
Let h = 1042 + -721. Is h a prime number?
False
Suppose 2*x - 4*c - 18 + 2 = 0, -3*x - c + 3 = 0. Suppose 0 = x*f - 2*q - 1439 - 1081, -2*f + 2514 = 4*q. Is f prime?
True
Let s(l) = 47*l. Let d(j) = 2*j**2 - 1. Let q be d(1). Is s(q) composite?
False
Let j(v) = -v - 7. Let p be j(-7). Suppose -s + 3*s + 18 = p. Is 51/(-6)*(-1 + s) composite?
True
Let j(i) = 29*i - 4. Let p(o) = -59*o + 9. Let c(t) = 5*j(t) + 2*p(t). Is c(3) composite?
False
Let y = 331 - -66. Is y a composite number?
False
Let s = -13 - -13. Suppose -k + 4 - 1 = s, -l - 4*k + 18 = 0. Is l composite?
True
Let w = 127 + -56. Is w composite?
False
Is (2/(-6))/(7/(-6657)) a composite number?
False
Suppose 104 - 7 = t. Is t a composite number?
False
Let y = -6688 - -9449. Is y prime?
False
Suppose -3*q - 310 = -1537. Is q a composite number?
False
Suppose -2*x + 23 = -5*i - 37, 0 = i + 2*x. Is 30*(-2 - i/4) prime?
False
Suppose 0 = r - 4*t - 0*t + 9, -3*r = -2*t + 7. Is 3*(65/3 + r) a prime number?
False
Let j(t) = -184*t - 5. Is j(-6) a composite number?
True
Let t be 254*(-4)/(-4 - -2). Suppose 181 = -3*y + t. Is y composite?
False
Let q = -282 - -613. Is q composite?
False
Let b be (21/(-9))/(2/6). Let k = -5 - b. Suppose -71 = -t + 4*j, -k*t - 3*t - 3*j + 240 = 0. Is t prime?
False
Let p(w) = 30*w + 4. Let a be p(10). Suppose -4*j + a + 148 = 0. Is j composite?
False
Let p = -373 - -1368. Is p a composite number?
True
Suppose -t = -57 - 2248. Is t a composite number?
True
Let u(m) = 3*m**2 - 20*m - 1. Let o(b) = -b**2 + 10*b + 1. Let t(n) = -5*o(n) - 2*u(n). Let g be t(-4). Suppose 5*v - 9 - g = 0. Is v a prime number?
False
Let m be 4/((-12)/(-3825)) - 0. Suppose d - 5*d - 3*h = -1039, 5*d - h = m. Suppose 4*b + 20 - d = 0. Is b composite?
False
Let u = -959 + 2616. Is u a prime number?
True
Let o(u) be the second derivative of u**4/6 + 5*u**3/6 - 9*u**2/2 - 2*u. Is o(6) a composite number?
True
Let p(o) = 20*o**3 + 2*o - 1. Let d be p(1). Let q be (-6)/d - (-46)/14. Suppose 2*b + 53 = q*b. Is b prime?
True
Let s(i) = -4*i - 6. Let n(c) = 12*c + 17. Let x(q) = 3*n(q) + 8*s(q). Let m(y) = -y**2 + 10*y + 3. Let f be m(10). Is x(f) a composite number?
True
Let f(j) = j**3 + 7*j**2 - 5*j - 8. Is f(-6) prime?
False
Suppose 0*x + 6 = x - l, 4*l = -2*x - 6. Suppose -w + 84 = x*g, 3*w + w - 350 = 2*g. Is w a composite number?
True
Suppose 3*f - 10 = 4*g + 2*f, -4*f + 18 = -5*g. Let x(b) = -1 - 4*b**2 + 4*b**2 - 6*b**3. Is x(g) a composite number?
False
Suppose 9 + 359 = 5*z + 3*q, 0 = 3*q + 12. Let n = 125 - z. Is n a composite number?
True
Let o(h) = -20*h**3. Let s be o(1). Suppose -2*p + 172 = -4*g - 0*g, -144 = 4*g + 5*p. Let v = s - g. Is v prime?
False
Let b(y) = 2*y**3 - 2*y**2 + 11*y - 17. Is b(6) composite?
False
Suppose 2*n = 3*q + 314, -2*q + q = 2. Suppose -81 = -u + n. Is u prime?
False
Let j(l) = l**2 + 2*l - 1. Let d be j(1). Let p(v) = -2*v**2 - 2*v - 1. Let u be p(d). Let f = u - -23. Is f composite?
True
Let j(o) = 13*o**3 + o**2 + 2*o - 3. Is j(5) composite?
False
Suppose -38 = 3*p - 527. Is p a prime number?
True
Let b(o) = 2*o**3 + o**2 + o - 1. Let u be b(1). Suppose -w = u*w - 236. Is w a prime number?
True
Suppose -x + h = 195, 3*x - 6*x - 4*h - 592 = 0. Let a = x + 483. Is a a prime number?
False
Let l = -723 - -1354. Is l prime?
True
Let m = 83 + -6. Let n = 384 - m. Is n a prime number?
True
Suppose -p = -3*i + 15, -5*i + 1 = -4*i + p. Suppose 0 = i*x - f + 705, -2*x - f + 880 = -7*x. Let b = x + 338. Is b prime?
True
Let b be 135 + ((-3)/(-1) - 2). Suppose -5*d - 5*z = -715, d - 4*z - 17 = b. Is d a prime number?
False
Let c = 8 - 5. Let g(x) = -1 - 8*x**3 + 0*x**c - 5*x + 5*x**3 + 2*x. Is g(-4) prime?
False
Let z(i) = -29*i - 39. Is z(-20) a composite number?
False
Let c be (-66)/10 - 24/(-40). Let g(t) = -t**3 - 5*t**2 + t + 7. Is g(c) a prime number?
True
Is 959/35*10/4*14 composite?
True
Let q(y) = -y**2 - 3*y**2 + y**2 + 2 - 2*y**2 - 7*y - y**3. Is q(-5) a composite number?
False
Let u(d) = -4*d**2 - 3*d - d**2 - 3*d - d**3 + 2*d - 7. Is u(-6) a composite number?
False
Suppose -2*o + 62 - 24 = 0. Let l(q) = -q**3 - q**2 - 2*q - 3. Let c be l(-2). Is o/c - 8/(-40) a composite number?
True
Let y(o) = -5 - 3*o + 4*o - 2*o. Let b be y(-5). Suppose -2*w - 3*w + 445 = b. Is w composite?
False
Let t be 102/27 + 6/27. Suppose t*m - 22 = -m + 4*l, -m - 7 = 3*l. Let o = 12 + m. Is o prime?
False
Suppose 4*u - u - 1579 = -4*x, -1559 = -4*x + u. Is x a prime number?
False
Suppose -16 = -3*o + 2*o. Suppose 5 = -6*y + 2*y + 5*m, -2*y + 2*m = 2. Suppose y = -g + 5 + o. Is g composite?
True
Suppose -7*n = -2*n - 60. Let t = -7 + n. Let i = 2 + t. Is i prime?
True
Suppose -2*n + f = 2, 3*n - 2*f - 2*f = -13. Let y be (-2)/4*(n + -1). Suppose y = 5*t - 137 - 28. Is t a composite number?
True
Is 1/5 + (-19002)/(-15) prime?
False
Let f(j) = 14*j**2 + j + 5. Is f(-8) a prime number?
False
Let f = 12 + -14. Let y(p) be the third derivative of -p**6/20 + p**5/20 + p**4/8 + p**3/6 - p**2. Is y(f) composite?
True
Suppose -2*f + 2*o + 4498 = -2*o, -4*o = 8. Is f a composite number?
True
Let x = -4 - -3. Let h = x - -4. Suppose 3*u = h + 9. Is u a composite number?
True
Let r(v) = 5*v**2 + 4*v - 2. Suppose -6 + 3 = -u. Is r(u) composite?
True
Let z be ((-2)/(-2))/(5/20). Suppose z*l + 1 = 25. Suppose u + 57 = s, -2*s - 204 = -l*s - 2*u. Is s prime?
True
Let w = -7 - -28. Suppose 0 = 